Let a be k(-5). Let m be 0 - -15 - (a + 4 + 5). Let z(r) = r - 8. Calculate z(m).
3
Suppose 4*r - 1 = -3*f, 3*f + r = -f - 3. Let d(k) = k + 1. Let p(v) = -1 - 3*v + 4*v + 5 - 2. Let j(y) = -5*d(y) + 2*p(y). What is j(f)?
2
Suppose -6*t - 2747 = -2813. Let w(j) be the second derivative of 1/6*j**3 - t*j + 0 + 3/2*j**2. Calculate w(-6).
-3
Let d be 10/(-6) - 5/(-3). Let l be 2/(-4)*(2 + 0 - d). Let c(k) = -16*k**3 - 2*k**2 - k. Determine c(l).
15
Let c = -238 - -241. Let r = -1 + 5. Let y(t) = t**2 - 3*t + 8. Let m(i) = i**2 - 2*i + 4. Let n(u) = r*y(u) - 7*m(u). Give n(c).
-17
Let r(f) = -f**3 + 6*f**2 - f - 3. Suppose c + p + 58 = 4*c, 2*p = -3*c + 55. Let b = c - 27. Let a = 13 + b. Give r(a).
17
Let x(t) = -t**3 + 13*t**2 - 13*t + 17. Let q be x(12). Let g(c) = 3*c - 23. Let v(w) = -4*w + 34. Let z(r) = q*v(r) + 7*g(r). Determine z(0).
9
Suppose -2*a + 2*c - 42 = 0, 2*a = a + 3*c - 21. Let n = a - -29. Let j(m) = 7 + 3*m**2 - n*m + 5*m**2 - 4 - m**3. What is j(7)?
-4
Let g(h) = -h - 7. Let f be (52/8 - 4)*(-12)/5. What is g(f)?
-1
Let l(m) = -2*m. Let y = 527 - 519. Calculate l(y).
-16
Let j(m) be the first derivative of -m**2/2 - 6*m + 1. Suppose -3*n = 5*i - 2 + 20, 3 = -2*i + 3*n. What is j(i)?
-3
Let l(b) = -b**3 - 3*b**2 - 3*b - 3. Suppose j - 2*h + 1 = -0, -h = -3*j + 7. Let q be (j - (-3 - -1)) + -2. Suppose -q*r + 4 = -5*r. What is l(r)?
-1
Let z(v) be the third derivative of -v**5/60 + 7*v**4/24 + v**3/2 + 5*v**2. Let l(h) = 3*h**2 - 136*h - 86. Let n be l(46). Give z(n).
9
Let z(w) = -1. Suppose t + 3*t = -2*j - 14, j - 5 = 2*t. Let a(f) = 2*f**2 - 4. Let h(o) = j*a(o) + 4*z(o). Suppose 3*s = s - 2. Give h(s).
-2
Let q(h) = -5*h - 38. Let d(z) = z + 9. Let x(v) = 2*d(v) + q(v). Determine x(-8).
4
Suppose 0 = -s - 4*q - 0 + 8, -4*q + 16 = -s. Let u(f) = -f - 3. Determine u(s).
1
Let o(r) = r**3 + 12*r**2 + 12*r + 8. Let g be o(-11). Let b = g + 5. Let u(h) = -10*h**2 + 7*h**2 + 4 - 1 - 2*h - b*h. What is u(2)?
-17
Let z be (-9)/15 + 660/100. Let g(v) = -2*v + 2 - 2 + 6. Give g(z).
-6
Let d(w) be the second derivative of 0 + 1/3*w**4 + 1/3*w**3 + 3/2*w**2 + 1/20*w**5 - w. Let g(a) = a**2 + 6*a - 3. Let b be g(-6). Give d(b).
6
Let c(s) be the first derivative of s**4/4 - s**3/3 + s**2/2 - 11*s - 2. Let j(v) = v**3 + 8*v**2 - 6*v + 27. Let b be j(-9). Give c(b).
-11
Suppose -21 - 1 = x. Let j = x - -22. Let r(s) = -2 + 0 + 4*s + j*s + s**2 - s. Give r(2).
8
Let t(f) be the first derivative of f**4/4 - 3*f**3 + 9*f**2/2 - 11*f - 116. Calculate t(8).
-3
Let i(n) = 10*n**2 - 9*n - 3. Let z(v) = 2*v**2 - 2*v - 1. Let s(q) = -2*i(q) + 11*z(q). Determine s(-2).
11
Let o(p) = -p - 21. Suppose 14 + 20 = -2*x + z, 5*z - 8 = x. Calculate o(x).
-3
Let n(c) = 5*c**2 - 4*c + 2. Let g(z) = 44*z + 46. Let l be g(-1). Give n(l).
14
Let y(u) be the third derivative of u**4/24 + 7*u**3/3 + 93*u**2. What is y(-12)?
2
Let c(z) = 3*z**3 - 68*z**2 + 0*z**3 - z**3 - 4*z + 5 + 62*z**2. Calculate c(3).
-7
Let m(j) = j**2 - 6*j - 2. Let b(w) = -2*w**2 + 2*w + 1. Let n(z) = -3*b(z) - m(z). Suppose 7*a - 5 = 2*a. Calculate n(a).
4
Suppose 0*v + v - 4*s = -8, 3*v + 4*s = 24. Let k(u) be the second derivative of -u**3/3 - 2*u**2 - 78*u. What is k(v)?
-12
Let h be (-5)/1*(89 - 91). Let q(p) = p**3 - 11*p**2 + 14*p - 22. Give q(h).
18
Let x(g) = -39*g**3 - 10*g**2 + 8*g - 2. Let a(t) = 59*t**3 + 16*t**2 - 13*t + 3. Let w(u) = -5*a(u) - 8*x(u). Give w(-1).
-17
Let c(z) = 0*z**3 + 0 + z**3 - 1 + 12*z**2 - 8*z**2. Suppose 0 = a + 4*j - 1 - 19, -2*j = -8. Suppose -q - a = q. Calculate c(q).
7
Let c(z) be the first derivative of -z**2/2 + 3*z - 26. Let w be (-70)/(-22) + (-8)/44. Give c(w).
0
Suppose 0 = -2*g + 5*b - 1, 3*g + 7 = 7*g - b. Let w(t) = t + g - 2*t - 1 + 8*t. Give w(-1).
-6
Suppose b + 2*s = -8, -b - 13 = -0*s + 3*s. Let z(q) = -q**2 + 0*q**2 + 5*q**2 + q + q**3 - 3*q**b. What is z(-1)?
-1
Let m be 28/(-70) - (-6)/(-10). Let p(c) = -8*c. Determine p(m).
8
Let j(k) be the first derivative of 3*k**2/2 - 2*k + 150. Determine j(4).
10
Suppose -v + 2 + 1 = 0. Let c(l) = -15*l**2 - 4*l + 65. Let n(q) = 13*q**2 + 3*q - 56. Let j(k) = -6*c(k) - 7*n(k). Give j(v).
2
Let q = -1170 - -1164. Let p(j) = 3*j**2 + 12*j - 6. Determine p(q).
30
Suppose 4*u - 3*s - 16 = 0, u - 9 = 4*u + 3*s. Suppose -2*o - u = k, -2*k - 6 = 2*o + 2. Let z(a) = -a**2 - 8*a - 8. What is z(k)?
-1
Suppose -2*m = 3*f - 19, 4*m - 2 = f + 15. Let d(n) = 11 + 2 - n - 6. Calculate d(m).
2
Let a(t) be the third derivative of -t**6/60 + t**5/15 - t**4/6 + t**3/2 - 56*t**2. Give a(2).
-5
Let g(b) = -b**2 - 7*b + 4. Let c = 29 - 41. Let w = -22 - -46. Let h be w/(-9)*(-27)/c. Determine g(h).
10
Let t(r) = -2 - 2*r + 2 - 2. Let c(z) = 812*z + 2434. Let j be c(-3). Determine t(j).
2
Suppose 2*z = 4*z - 8. Let v(k) = -z - 20*k**2 + 3*k + 22*k**2 - 5*k. Calculate v(3).
8
Let v(k) = k - 1. Let u be v(3). Let w(q) = 2*q + u*q - 7*q - q. Suppose 3*y - 8 + 2 = 0. Determine w(y).
-8
Let q(p) = -1400 + 5*p**2 + 1381 - 6*p**2 - 7*p. Determine q(-6).
-13
Let c(k) = -k**2 + 7*k - 6. Suppose 3*a = -3 + 9. Suppose -5*g = -2*s + 7, 10*s + 3*g = 5*s + a. Suppose -13 = -2*y - s. Give c(y).
0
Let o be (2 - (3 + 27/(-3)))/1. Suppose 0 = 81*k - 79*k + o. Let g(n) = n**2 + 4*n - 5. Give g(k).
-5
Let p(w) = -w - 6. Let s be (-12)/(-24)*(-1 + 0 - -111). Suppose 25 = 5*i + s. What is p(i)?
0
Let y(j) = 2 + 1 - 2 - j. Suppose 5*o = -5*p + 120, 2*o - 4 = o. Suppose -5*u = 25, -5*i - p = -u - u. What is y(i)?
7
Let o(p) be the third derivative of p**5/20 - p**4/24 - 7*p**3/6 + 110*p**2. What is o(-3)?
23
Let q(u) be the second derivative of -u**4/12 - u**3/6 - u. Let g(t) = -t**3 - t**2 + 95*t - 45. Let h be g(9). Give q(h).
0
Let n(t) = -t**3 + 3*t**2 - 4*t - 1. Let f(a) = -4*a**2 + 100*a + 3. Let z be f(25). Give n(z).
-13
Let o(f) = -3*f**2 - 14*f - 5. Let u(g) = g - 3. Let b be u(-1). Let i be o(b). Let k(m) be the first derivative of m**2 - 1. Give k(i).
6
Let i = -17 + 10. Let y(o) = 7 + 10*o**3 + 6*o**2 + 0*o**2 + o**2 - 9*o**3. What is y(i)?
7
Let q(s) be the third derivative of 0*s + 5/6*s**3 + 1/60*s**5 + 7/24*s**4 + 0 + 41*s**2. Give q(-7).
5
Let q(n) = -5 + 108*n + 4 - 61*n - 51*n + 0. Calculate q(-1).
3
Let l(t) = t**3 + 9*t**2 + 7*t - 14. Let g be l(-8). Let v(h) = 5*h**2 + 5*h + 5. Let w(d) = 9*d**2 + 10*d + 9. Let y(r) = g*w(r) + 11*v(r). Calculate y(6).
7
Let s(y) = 2*y + 6. Let m(x) = 3*x**2 + x - 4. Let i be (3 - 3)/(-2 + 1 + -2). Let w be m(i). Give s(w).
-2
Let j(d) be the second derivative of d**3/6 + 5*d**2 + 21*d. What is j(0)?
10
Let o be 15/(-35) - 426/(-14). Let p = o - 27. Let z(t) = -8*t**3 + 2*t**2 + 7*t**3 - 1 - 2*t**p + 2*t**3. What is z(2)?
-1
Suppose 5*i - 12 - 3 = 0. Suppose -2*b = -i*b + 4. Suppose 4*t + t = -f + 12, -3*t + b*f + 21 = 0. Let u(l) = -l**2 + 2*l + 4. Calculate u(t).
1
Let h(m) = m**2 + 6*m + 1. Let y = -25 - -26. Let t = y + -7. What is h(t)?
1
Let h = 2 - 3. Let n be (2/3)/(h/3). Let t(g) = -2*g**2 - 10 + 2*g**3 + 2 + 9 - 4*g**3 + g. Give t(n).
7
Let u(r) = r - 9. Let c(z) = 4*z - 28. Let d(h) = -2*c(h) + 7*u(h). Give d(-4).
-3
Suppose -2*s = -s - 5. Let d = s - 9. Let a(g) = g + 13. Let m(x) = -x - 14. Let h(z) = 6*a(z) + 5*m(z). Determine h(d).
4
Let z(t) be the third derivative of t**5/60 + t**4/6 - t**3 + 45*t**2. Suppose -5*l - 25 = -0*l. Determine z(l).
-1
Let q(v) = 3*v**2 + 7*v - 3. Let x(h) = -13*h**2 - 28*h + 12. Let z(m) = 9*q(m) + 2*x(m). Suppose 4*f - 2*t + 34 = 0, t = 4*t - 9. Calculate z(f).
-3
Suppose -3*o + 2 = -4*o - l, 2*o = -5*l - 16. Let p(x) = -x - 4. Let r(k) = -2*k - 6. Let g(v) = -5*p(v) + 3*r(v). What is g(o)?
0
Let r = -2 + 5. Suppose 80 = 13*n + r*n. Let z(f) = -f**3 + 5*f**2 + f - 5. What is z(n)?
0
Let j be (-2)/(0 + -7 + (-644)/(-84)). Let g(m) be the third derivative of -m**5/60 - m**4/24 - m**3/3 - 2*m**2. Calculate g(j).
-8
Let y(r) = -12 - 4*r**2 - 5*r**2 + 8 + 4*r**2 + 4*r**2 - 7*r. Determine y(-8).
-12
Let k(y) = -2 - 3*y + 0 - 2 - 1. Let v(s) = s + 2. Let g(r) = 2*k(r) + 5*v(r). Calculate g(0).
0
Let s be 50 + (-15)/(10/(-2)). Let q = s + -54. Let g(c) = 16*c + 1. Give g(q).
-15
Let h(m) = m**3 - 7*m**2 + 2. Let p = 54 - 51. Suppose -4*n + n = 5*c - 23, p*n + 19 = c. Determine h(c).
2
Let r = 18 + -25. Let n be 12/r - 2/7. Let j(c) be the